{"id":1549,"date":"2024-07-08T08:09:39","date_gmt":"2024-07-08T08:09:39","guid":{"rendered":"https:\/\/backlightmfg.com\/manufacturer\/fiber-optic-backlighting\/"},"modified":"2024-09-15T06:29:48","modified_gmt":"2024-09-15T06:29:48","slug":"fiber-optic-backlighting","status":"publish","type":"product","link":"https:\/\/backlightmfg.com\/hu\/fiber-optic-backlighting\/","title":{"rendered":"Sz\u00e1loptikai h\u00e1tt\u00e9rvil\u00e1g\u00edt\u00e1s"},"content":{"rendered":"<p>A sz\u00e1loptikai h\u00e1tt\u00e9rvil\u00e1g\u00edt\u00e1s v\u00e9kony \u00fcveg- vagy m\u0171anyag sz\u00e1lakat haszn\u00e1l, amelyek f\u00e9nyvezet\u0151k\u00e9nt m\u0171k\u00f6dnek. A f\u00e9nyt az optikai k\u00e1bel egyik v\u00e9g\u00e9n vezetik be, jellemz\u0151en egy LED-forr\u00e1sb\u00f3l. Ez a f\u00e9ny a bels\u0151 visszaver\u0151d\u00e9snek nevezett jelens\u00e9gnek k\u00f6sz\u00f6nhet\u0151en \u00e1thalad a sz\u00e1l magj\u00e1n, visszaver\u0151dik a bels\u0151 falakr\u00f3l, \u00e9s minimaliz\u00e1lja a f\u00e9nyvesztes\u00e9get. A f\u00e9ny a sz\u00e1l m\u00e1sik v\u00e9g\u00e9n l\u00e9p ki, \u00e9s megvil\u00e1g\u00edtja a c\u00e9lter\u00fcletet.<\/p>\n<h3><strong>A sz\u00e1loptikai h\u00e1tt\u00e9rvil\u00e1g\u00edt\u00e1s el\u0151nyei:<\/strong><\/h3>\n<ul>\n<li><strong style=\"color: #555555; font-size: 14.4px;\">T\u00e1voli f\u00e9nyforr\u00e1s:<\/strong><span style=\"color: #555555; font-size: 14.4px;\">\u00a0A f\u00e9nyforr\u00e1s a megvil\u00e1g\u00edtott ter\u00fclett\u0151l t\u00e1volabb is elhelyezhet\u0151, ami cs\u00f6kkenti a h\u0151termel\u00e9st \u00e9s n\u00f6veli a tervez\u00e9si rugalmass\u00e1got.<\/span><\/li>\n<li><strong style=\"color: #555555; font-size: 14.4px;\">Egyenletes megvil\u00e1g\u00edt\u00e1s:<\/strong><span style=\"color: #555555; font-size: 14.4px;\">\u00a0A sz\u00e1loptika egyenletesen osztja el a f\u00e9nyt, kik\u00fcsz\u00f6b\u00f6li a t\u00fckr\u00f6z\u0151d\u00e9st \u00e9s a forr\u00f3 pontokat, \u00edgy vizu\u00e1lisan kellemes \u00e9s k\u00e9nyelmes l\u00e1tv\u00e1nyt ny\u00fajt.<\/span><\/li>\n<li><strong style=\"color: #555555; font-size: 14.4px;\">Nagy f\u00e9nyhat\u00e9konys\u00e1g:<\/strong><span style=\"color: #555555; font-size: 14.4px;\">\u00a0A sz\u00e1lakon bel\u00fcli minim\u00e1lis f\u00e9nyvesztes\u00e9gnek k\u00f6sz\u00f6nhet\u0151en az optikai h\u00e1tt\u00e9rvil\u00e1g\u00edt\u00e1s hat\u00e9kony f\u00e9ny\u00e1tvitelt biztos\u00edt.<\/span><\/li>\n<li><strong style=\"color: #555555; font-size: 14.4px;\">Tart\u00f3ss\u00e1g:<\/strong><span style=\"color: #555555; font-size: 14.4px;\"> Az \u00fcvegsz\u00e1las k\u00e1belek rendk\u00edv\u00fcl tart\u00f3sak \u00e9s ellen\u00e1llnak a rezg\u00e9snek, \u00fct\u00e9snek, sz\u00e9ls\u0151s\u00e9ges h\u0151m\u00e9rs\u00e9kletnek, energiatakar\u00e9kosak \u00e9s n<\/span><span class=\"Y2IQFc\" lang=\"en\">o l\u00e1z.<\/span><\/li>\n<li><strong style=\"color: #555555; font-size: 14.4px;\">Rugalmas tervez\u00e9s:<\/strong><span style=\"color: #555555; font-size: 14.4px;\">\u00a0A v\u00e9kony \u00e9s rugalmas sz\u00e1lak k\u00f6nnyen alak\u00edthat\u00f3k \u00e9s testre szabhat\u00f3k a k\u00fcl\u00f6nb\u00f6z\u0151 vil\u00e1g\u00edt\u00e1si k\u00f6vetelm\u00e9nyekhez.<\/span><\/li>\n<li><strong style=\"color: #555555; font-size: 14.4px;\">Men\u0151 m\u0171velet:<\/strong><span style=\"color: #555555; font-size: 14.4px;\">\u00a0Maguk az optikai k\u00e1belek nem termelnek h\u0151t, ami hozz\u00e1j\u00e1rul a h\u0171v\u00f6sebb m\u0171k\u00f6d\u00e9si k\u00f6rnyezethez.<\/span><\/li>\n<\/ul>\n<p>&nbsp;<\/p>\n<h3><strong style=\"font-size: 23.04px;\">A sz\u00e1loptikai h\u00e1tt\u00e9rvil\u00e1g\u00edt\u00e1s alkalmaz\u00e1sai:<\/strong><\/h3>\n<ul>\n<li><strong style=\"color: #555555; font-size: 14.4px;\">LCD kijelz\u0151k:<\/strong><span style=\"color: #555555; font-size: 14.4px;\">\u00a0A sz\u00e1loptik\u00e1s h\u00e1tt\u00e9rvil\u00e1g\u00edt\u00e1s fokozhatja az LCD-kijelz\u0151k egyenletess\u00e9g\u00e9t \u00e9s f\u00e9nyerej\u00e9t a telev\u00edzi\u00f3kban, laptopokban \u00e9s m\u00e1s elektronikus eszk\u00f6z\u00f6kben.<\/span><\/li>\n<li><strong style=\"color: #555555; font-size: 14.4px;\">Jelz\u00e9sek \u00e9s kijelz\u0151k:<\/strong><span style=\"color: #555555; font-size: 14.4px;\">\u00a0Ezeket vil\u00e1g\u00edt\u00f3t\u00e1bl\u00e1kban, \u00e9p\u00edt\u00e9szeti vil\u00e1g\u00edt\u00e1sban \u00e9s elad\u00e1shelyi kijelz\u0151kben haszn\u00e1lj\u00e1k, hogy vizu\u00e1lisan felt\u0171n\u0151 hat\u00e1st \u00e9rjenek el.<\/span><\/li>\n<li><strong style=\"color: #555555; font-size: 14.4px;\">Orvosi berendez\u00e9sek:<\/strong><span style=\"color: #555555; font-size: 14.4px;\">\u00a0A sz\u00e1loptikai h\u00e1tt\u00e9rvil\u00e1g\u00edt\u00e1s ellen\u0151rz\u00f6tt \u00e9s f\u00f3kusz\u00e1lt megvil\u00e1g\u00edt\u00e1st biztos\u00edt az orvosi vizsg\u00e1lati \u00e9s diagnosztikai berendez\u00e9sekben.<\/span><\/li>\n<li><strong style=\"color: #555555; font-size: 14.4px;\">G\u00e9pi l\u00e1t\u00f3rendszerek:<\/strong><span style=\"color: #555555; font-size: 14.4px;\">\u00a0Az egyenletes f\u00e9nyeloszl\u00e1snak k\u00f6sz\u00f6nhet\u0151en ide\u00e1lis g\u00e9pi l\u00e1t\u00f3 alkalmaz\u00e1sokhoz, ahol a t\u00e1rgyak pontos ellen\u0151rz\u00e9s\u00e9re van sz\u00fcks\u00e9g.<\/span><\/li>\n<li><strong style=\"color: #555555; font-size: 14.4px;\">Sz\u00e9lvil\u00e1g\u00edt\u00e1s:<\/strong><span style=\"color: #555555; font-size: 14.4px;\">\u00a0A sz\u00e1loptika \u00e9les \u00e9s j\u00f3l meghat\u00e1rozott \u00e9lvil\u00e1g\u00edt\u00e1si effektusokat hozhat l\u00e9tre dekorat\u00edv \u00e9s \u00e9p\u00edt\u00e9szeti alkalmaz\u00e1sokhoz.<\/span><\/li>\n<li><strong style=\"color: #555555; font-size: 14.4px;\">Speci\u00e1lis vil\u00e1g\u00edt\u00e1s:<\/strong><span style=\"color: #555555; font-size: 14.4px;\">\u00a0A sz\u00e1loptikai h\u00e1tt\u00e9rvil\u00e1g\u00edt\u00e1st sz\u00e1mos speci\u00e1lis alkalmaz\u00e1sban alkalmazz\u00e1k, bele\u00e9rtve a v\u00edz alatti vil\u00e1g\u00edt\u00e1st \u00e9s a m\u0171szervil\u00e1g\u00edt\u00e1st.<\/span><\/li>\n<\/ul>","protected":false},"excerpt":{"rendered":"<p>A sz\u00e1loptik\u00e1s h\u00e1tt\u00e9rvil\u00e1g\u00edt\u00e1s egyed\u00fcl\u00e1ll\u00f3 \u00e9s sokoldal\u00fa megvil\u00e1g\u00edt\u00e1si megold\u00e1st k\u00edn\u00e1l. A t\u00e1voli f\u00e9nyforr\u00e1s, az egyenletes f\u00e9nyeloszl\u00e1s, a nagy hat\u00e9konys\u00e1g \u00e9s a tervez\u00e9si rugalmass\u00e1g kombin\u00e1ci\u00f3ja \u00e9rt\u00e9kes technol\u00f3gi\u00e1v\u00e1 teszi a k\u00fcl\u00f6nb\u00f6z\u0151 alkalmaz\u00e1sok sz\u00e1m\u00e1ra. A technol\u00f3gia fejl\u0151d\u00e9s\u00e9vel a sz\u00e1loptikai h\u00e1tt\u00e9rvil\u00e1g\u00edt\u00e1s v\u00e1rhat\u00f3an m\u00e9g t\u00f6bb innovat\u00edv felhaszn\u00e1l\u00e1si lehet\u0151s\u00e9get tal\u00e1l majd a j\u00f6v\u0151ben.<\/p>","protected":false},"featured_media":1539,"comment_status":"closed","ping_status":"closed","template":"","meta":[],"product_cat":[15],"product_tag":[],"_links":{"self":[{"href":"https:\/\/backlightmfg.com\/hu\/wp-json\/wp\/v2\/product\/1549"}],"collection":[{"href":"https:\/\/backlightmfg.com\/hu\/wp-json\/wp\/v2\/product"}],"about":[{"href":"https:\/\/backlightmfg.com\/hu\/wp-json\/wp\/v2\/types\/product"}],"replies":[{"embeddable":true,"href":"https:\/\/backlightmfg.com\/hu\/wp-json\/wp\/v2\/comments?post=1549"}],"wp:featuredmedia":[{"embeddable":true,"href":"https:\/\/backlightmfg.com\/hu\/wp-json\/wp\/v2\/media\/1539"}],"wp:attachment":[{"href":"https:\/\/backlightmfg.com\/hu\/wp-json\/wp\/v2\/media?parent=1549"}],"wp:term":[{"taxonomy":"product_cat","embeddable":true,"href":"https:\/\/backlightmfg.com\/hu\/wp-json\/wp\/v2\/product_cat?post=1549"},{"taxonomy":"product_tag","embeddable":true,"href":"https:\/\/backlightmfg.com\/hu\/wp-json\/wp\/v2\/product_tag?post=1549"}],"curies":[{"name":"wp","href":"https:\/\/api.w.org\/{rel}","templated":true}]}}

Száloptikai háttérvilágítás

<p>A száloptikai háttérvilágítás vékony üveg- vagy műanyag szálakat használ, amelyek fényvezetőként működnek. A fényt az optikai kábel egyik végén vezetik be, jellemzően egy LED-forrásból. Ez a fény a belső visszaverődésnek nevezett jelenségnek köszönhetően áthalad a szál magján, visszaverődik a belső falakról, és minimalizálja a fényveszteséget. A fény a szál másik végén lép ki, és megvilágítja a célterületet.</p>
<h3><strong>A száloptikai háttérvilágítás előnyei:</strong></h3>
<ul>
<li><strong style="color: #555555; font-size: 14.4px;">Távoli fényforrás:</strong><span style="color: #555555; font-size: 14.4px;"> A fényforrás a megvilágított területtől távolabb is elhelyezhető, ami csökkenti a hőtermelést és növeli a tervezési rugalmasságot.</span></li>
<li><strong style="color: #555555; font-size: 14.4px;">Egyenletes megvilágítás:</strong><span style="color: #555555; font-size: 14.4px;"> A száloptika egyenletesen osztja el a fényt, kiküszöböli a tükröződést és a forró pontokat, így vizuálisan kellemes és kényelmes látványt nyújt.</span></li>
<li><strong style="color: #555555; font-size: 14.4px;">Nagy fényhatékonyság:</strong><span style="color: #555555; font-size: 14.4px;"> A szálakon belüli minimális fényveszteségnek köszönhetően az optikai háttérvilágítás hatékony fényátvitelt biztosít.</span></li>
<li><strong style="color: #555555; font-size: 14.4px;">Tartósság:</strong><span style="color: #555555; font-size: 14.4px;"> Az üvegszálas kábelek rendkívül tartósak és ellenállnak a rezgésnek, ütésnek, szélsőséges hőmérsékletnek, energiatakarékosak és n</span><span class="Y2IQFc" lang="en">o láz.</span></li>
<li><strong style="color: #555555; font-size: 14.4px;">Rugalmas tervezés:</strong><span style="color: #555555; font-size: 14.4px;"> A vékony és rugalmas szálak könnyen alakíthatók és testre szabhatók a különböző világítási követelményekhez.</span></li>
<li><strong style="color: #555555; font-size: 14.4px;">Menő művelet:</strong><span style="color: #555555; font-size: 14.4px;"> Maguk az optikai kábelek nem termelnek hőt, ami hozzájárul a hűvösebb működési környezethez.</span></li>
</ul>
<p>&nbsp;</p>
<h3><strong style="font-size: 23.04px;">A száloptikai háttérvilágítás alkalmazásai:</strong></h3>
<ul>
<li><strong style="color: #555555; font-size: 14.4px;">LCD kijelzők:</strong><span style="color: #555555; font-size: 14.4px;"> A száloptikás háttérvilágítás fokozhatja az LCD-kijelzők egyenletességét és fényerejét a televíziókban, laptopokban és más elektronikus eszközökben.</span></li>
<li><strong style="color: #555555; font-size: 14.4px;">Jelzések és kijelzők:</strong><span style="color: #555555; font-size: 14.4px;"> Ezeket világítótáblákban, építészeti világításban és eladáshelyi kijelzőkben használják, hogy vizuálisan feltűnő hatást érjenek el.</span></li>
<li><strong style="color: #555555; font-size: 14.4px;">Orvosi berendezések:</strong><span style="color: #555555; font-size: 14.4px;"> A száloptikai háttérvilágítás ellenőrzött és fókuszált megvilágítást biztosít az orvosi vizsgálati és diagnosztikai berendezésekben.</span></li>
<li><strong style="color: #555555; font-size: 14.4px;">Gépi látórendszerek:</strong><span style="color: #555555; font-size: 14.4px;"> Az egyenletes fényeloszlásnak köszönhetően ideális gépi látó alkalmazásokhoz, ahol a tárgyak pontos ellenőrzésére van szükség.</span></li>
<li><strong style="color: #555555; font-size: 14.4px;">Szélvilágítás:</strong><span style="color: #555555; font-size: 14.4px;"> A száloptika éles és jól meghatározott élvilágítási effektusokat hozhat létre dekoratív és építészeti alkalmazásokhoz.</span></li>
<li><strong style="color: #555555; font-size: 14.4px;">Speciális világítás:</strong><span style="color: #555555; font-size: 14.4px;"> A száloptikai háttérvilágítást számos speciális alkalmazásban alkalmazzák, beleértve a víz alatti világítást és a műszervilágítást.</span></li>
</ul>

<p>A száloptikás háttérvilágítás egyedülálló és sokoldalú megvilágítási megoldást kínál. A távoli fényforrás, az egyenletes fényeloszlás, a nagy hatékonyság és a tervezési rugalmasság kombinációja értékes technológiává teszi a különböző alkalmazások számára. A technológia fejlődésével a száloptikai háttérvilágítás várhatóan még több innovatív felhasználási lehetőséget talál majd a jövőben.</p>
